e prime factors of 4/(-58) + 378994/319.
2, 3, 11
Let p = -461 + 698. Suppose 9*d = 12*d - p. List the prime factors of d.
79
Let v be 1/(2 + 18/(-10)). Let c(l) be the third derivative of -l**5/60 + l**4/4 + l**3/2 - 8*l**2. What are the prime factors of c(v)?
2
Let i be 34/(-4) + (-18)/4 + 3. What are the prime factors of 38*(-55)/i + 4/4?
2, 3, 5, 7
Suppose 0 = -5*i + 12 + 3. Let q(j) = -19*j - 5. Let n be q(i). Let v = n - -92. What are the prime factors of v?
2, 3, 5
What are the prime factors of (-7748)/(-22) + (-6)/33?
2, 11
Let p be -1 - (-3 + 4 - -37). Let b = p - -82. What are the prime factors of b?
43
Let a be 255/(-15) - (-1 + 1). Let l = a - -27. List the prime factors of l.
2, 5
Suppose 7 = c - 5*a, 51 = 3*c - 0*c - 5*a. Suppose -26 = -4*v - 0*v - 2*f, -2*v = -2*f - c. List the prime factors of v.
2
Suppose -5*u + 4*q = -q - 7400, 0 = 4*q - 12. What are the prime factors of u?
1483
Suppose -8*s + 2940 = -3*s. Suppose -5*n = 3*u - s, u - 473 = -4*n - 4*u. What are the prime factors of n?
3, 13
Let v(h) = -h - 2. Let f be v(-7). Suppose f*i - 3*l = 10, 4*i + 0*l - 6 = 2*l. List the prime factors of (-12)/(-6) - (1 + i).
2
Suppose 286 = -0*n + n. Let g = n + -157. Suppose 7*r = g + 193. List the prime factors of r.
2, 23
Let z(x) = 3*x**3 - 3*x**2 + 2*x + 151. Let h(d) = 2*d**3 - 2*d**2 + d + 151. Let t(k) = 4*h(k) - 3*z(k). List the prime factors of t(0).
151
List the prime factors of (3/((-81)/26550))/((-2)/3).
5, 59
Suppose 12*n + 7746 = 18*n. What are the prime factors of n?
1291
Let p(v) = -v + 2. Let k be p(2). Let l be k + 1/((-2)/(-6)). Suppose -8 = w + l*w, -5*w + 12 = 2*n. What are the prime factors of n?
11
Let y(z) = 2*z**2 + 7*z + 4. Let h be y(-4). Let q = h - 18. Let m = 1 - q. List the prime factors of m.
11
Let l = 214 - 38. List the prime factors of l.
2, 11
Let l(i) = 10*i**2 + 14*i - 253. What are the prime factors of l(24)?
5843
Suppose -5*i - 2*a + 10 = 3, -3*i = 3*a - 6. Let b be (-4)/(-4)*(-6 + i). Let m(q) = -q**2 - 11*q - 3. What are the prime factors of m(b)?
3
Let z = -100 - 526. Let c = -435 - z. List the prime factors of c.
191
Let d(s) = -8*s + 196*s**2 - 20 - 5*s - 207*s**2 - s**3. Let r be d(-10). Suppose r*f - 225 = 5*f. What are the prime factors of f?
3, 5
Let j = -313 + 486. List the prime factors of j - 0*2/6.
173
Let l = -26 - 33. Let t = 73 + l. What are the prime factors of t?
2, 7
Suppose -3*c - 21 = -6. List the prime factors of (4 + -3)/(c/(-565)).
113
Let o(p) = -22*p + 344. What are the prime factors of o(-37)?
2, 3, 193
Suppose 4*y - 2*c - 138 = 0, -5*y - 4*c = -3*y - 84. Suppose -5*o = u + 116, -5*o - 4*u = 64 + 40. What are the prime factors of o/y*(-153)/2?
3, 17
Let g be (-22)/(-121) - (-92)/(-22). Let l = -12 - g. List the prime factors of ((-76)/16)/(2/l).
19
Suppose -10332 = -19*g - 17*g. What are the prime factors of g?
7, 41
Suppose -3*r - 91 = -4*z - 1360, z + 1705 = 4*r. List the prime factors of r.
7, 61
Let k be 2 + -1 + 3 + 3. Let i(n) = 66*n - 3. Let l(o) = -22*o + 1. Let y(h) = k*l(h) + 2*i(h). List the prime factors of y(-1).
23
Suppose -558 = 4*l - 2458. Suppose -5*h + 248 = 2*m - 3*h, 0 = -4*m + 3*h + l. List the prime factors of m.
11
Suppose -4 = 4*f - 12. Suppose -5*a + f*j + 102 = 5*j, -3*j = 3. Suppose -3*h = -4*x - 31, h + 0*x - a = -4*x. List the prime factors of h.
13
Let x be 5 + 6/(-2) + 0. Suppose i - x*h = 5*i - 102, 2*i + 5*h = 55. What are the prime factors of i?
5
Suppose -44055 = -38*o + 899. List the prime factors of o.
7, 13
Let x = 28 - 28. Suppose -3 = -z - 0, x = p + z - 22. List the prime factors of p.
19
Suppose 12*t + 170 - 1766 = 0. List the prime factors of t.
7, 19
Suppose 354*o = 368*o - 24626. List the prime factors of o.
1759
Suppose 5544 = 110*w - 104*w. List the prime factors of w.
2, 3, 7, 11
Suppose 0 = 3*z - 5*s - 1339, -3*z - 2238 = -8*z + 2*s. What are the prime factors of z?
2, 7
Suppose -2*l + 5*l = 2*u + 4982, -u = -2*l + 3321. What are the prime factors of l?
2, 5, 83
List the prime factors of 5/5*986 + -18 + 18.
2, 17, 29
Suppose 11*l = -22*l + 93918. List the prime factors of l.
2, 1423
Let v(k) = -14*k**3 - k**2 - 9*k + 9. Let t(r) = -7*r**3 - r**2 - 4*r + 4. Let m(q) = 5*t(q) - 2*v(q). What are the prime factors of m(-3)?
2, 5, 17
Suppose 823 - 207 = 7*k. List the prime factors of k.
2, 11
Let m = 370 + -237. Suppose 3*a - m - 308 = 0. What are the prime factors of a?
3, 7
List the prime factors of (431 - -1) + (-17 - -20).
3, 5, 29
Let w be (-21)/(-2)*4/3. Suppose 26*k = 44*k - 90. Let i = w - k. List the prime factors of i.
3
Let q be (-18)/((30/(-9))/(-5)). Let b = q - -33. Suppose -b*z + 4*a + 222 = -z, 0 = 5*z - 3*a - 219. What are the prime factors of z?
2, 3, 7
Let x(c) = -c**2 + c + 3. Let s be x(2). What are the prime factors of (-2*1 + 189 + -8)*s?
179
Let d(x) = -32*x - 13. Suppose 2*h - 18 = 5*y, -3*h - 6 = -5*y - 7*h. List the prime factors of d(y).
3, 17
Let b = 8959 + -5791. List the prime factors of b.
2, 3, 11
Let k = 1291 - 940. What are the prime factors of k?
3, 13
Let q = 70 + -50. What are the prime factors of q?
2, 5
Suppose 4*x - 7951 = -3*l, -5270 = -2*l + 49*x - 44*x. List the prime factors of l.
5, 23
Let q(l) be the second derivative of l**5/20 + 5*l**4/12 - l**3 - l**2/2 - l. Let x be q(-6). List the prime factors of (-1 + -1)/(x/12).
2, 3
Suppose -43*v = 77*v - 38640. List the prime factors of v.
2, 7, 23
Let s(f) = 13*f + 563. List the prime factors of s(-42).
17
Let o be -2 + 15 - (5 - 2/1). Let w = 18 + o. What are the prime factors of w?
2, 7
Let k = -5198 + 7688. What are the prime factors of k?
2, 3, 5, 83
Let u = 432 - 189. Let a = -118 + u. Suppose 137 = -3*b + 6*b - 4*c, 3*b + 2*c = a. List the prime factors of b.
43
Let h = -148 + 646. List the prime factors of h.
2, 3, 83
List the prime factors of 53 - 60 - 2*-494.
3, 109
Let j = -13 - -20. Let n = 0 + j. List the prime factors of n.
7
Let v(m) = m - 3. Let s(h) = -h**2 + 8*h - 11. Let w be s(6). Suppose -t - 5*p + w = 0, -t - p = -7 + 2. List the prime factors of v(t).
3
What are the prime factors of 8/28 + (-3 - (-2455)/7)?
2, 3, 29
Let z = -13 + 17. Suppose 1 = -2*p - 5*w + 12, -z = 4*w. Let r(q) = q**2 - 7*q + 4. What are the prime factors of r(p)?
2, 3
Suppose 0 = -9*g + 3*g + 13830. What are the prime factors of g?
5, 461
Let j(n) = -7*n + 43. Let s(z) = z**2 - 31*z + 20. Let k be s(30). List the prime factors of j(k).
113
Suppose 4*q - 3*x - 12132 = 0, 29*q + x = 24*q + 15184. List the prime factors of q.
2, 3, 11, 23
Suppose 5*r + 2 = -4*z - 4, -5*z = -4*r + 28. Suppose 0 = r*v + 3*d - 51, -4*v = -9*v - 2*d + 155. Suppose -3*n - v = -105. What are the prime factors of n?
2, 3
Let f(t) = -969*t - 7. Let j be f(-1). Suppose 2*x = -4*k + 8*k - j, -4*k + 4*x + 968 = 0. What are the prime factors of k?
239
Let l be 2944/22 - (-2)/11. Suppose 3*b - l = -5*t, 0*t + 3*t + b = 78. List the prime factors of t.
5
Let a be (10/(-3) - -2)*(-75)/10. Suppose 0 = 4*v + 2*d - 54 - a, -30 = -3*v + 3*d. What are the prime factors of v?
2, 7
Suppose -4*u + r + 326 = -4*r, -u + r + 81 = 0. Suppose -3*d + 155 = 2*n, n + 4 - u = -d. What are the prime factors of n?
2, 5, 7
Suppose 28 = 4*d - 4*k, 4*d - 3*d - 3*k - 7 = 0. Suppose -d*y = -2*y - 1165. List the prime factors of y.
233
Let n(h) = -h**3 + 5*h**2 + h + 7. Let t be n(4). Suppose -3*o + 162 - t = 0. What are the prime factors of o?
3, 5
Suppose 4*j = 6*j - 350. Let n = 261 - j. Suppose -5*r + 39 + 152 = y, 0 = -2*r + 2*y + n. What are the prime factors of r?
3, 13
List the prime factors of (-1137)/(-2) - (-2)/8*-2.
2, 71
Suppose 13*l + 4554 = 19*l. List the prime factors of l.
3, 11, 23
Let j = 0 - 9. Suppose 0 = -3*x - 5*v + 341, -5*x + 10*v + 593 = 6*v. What are the prime factors of (0 + x)*j/(-27)?
3, 13
Let y be ((-118)/4)/(-5 - 196/(-40)). Suppose 3*d = 12, 7*d = -3*u + 3*d + y. List the prime factors of u.
3, 31
Let r = -1293 - -1928. Suppose -r = -4*o - 107. What are the prime factors of o?
2, 3, 11
Let p(z) = 10 + 2*z**2 - z**2 + 7*z + 2*z**2 + 4. What are the prime factors of p(-6)?
2, 5
Let p(b) = -12*b + 24. Let t be (-5 + 2)/(-18) + 55/(-6). What are the prime factors of p(t)?
2, 3, 11
Let y = -48 - -20. Suppose -2*b + 3 = -13. Let j = b - y. What are the prime factors of 